he prime factors of w(52).
101, 353
Suppose 4*q = 9*z - 14*z + 2816, -q = -5*z + 2821. Suppose 0 = -2*w + 2*o - 0*o + 576, -2*w - o + z = 0. List the prime factors of w.
2, 71
Let a(j) = 8*j**2 - 57*j - 453. What are the prime factors of a(-26)?
41, 157
Let r = 21 + -36. Let x(b) = -2*b - 34. Let y be x(r). List the prime factors of (-1185)/(-12) + (1 - (-3)/y).
3, 11
Let x(m) = -4*m**3 + 3. Let b be x(3). Let z be (-1638)/b + (-2)/(-5). Suppose -4*s - z = 0, 35 = 5*u - s - 419. What are the prime factors of u?
2, 3, 5
Let m = 3563 - -14203. List the prime factors of m.
2, 3, 7, 47
Let u = -16006 + 27263. What are the prime factors of u?
11257
Let x(r) be the third derivative of 0*r + 0*r**5 + 1/3*r**3 + 1/24*r**4 + 12*r**2 - 41/60*r**6 + 0. List the prime factors of x(-1).
83
Let t(x) = -1642*x - 2318. What are the prime factors of t(-10)?
2, 11, 641
Let g = 88 + -90. List the prime factors of (-185)/74*(-14)/((-2)/g).
5, 7
Let q be (((-1536)/(-20))/(-6))/((-2)/(-10)). Let n(a) = 6*a - 15. Let h be n(-12). Let z = q - h. What are the prime factors of z?
23
Suppose -4*a + 3*r + 4 = 0, 0 = 4*a + 7*r - 8*r + 4. Let f(h) = 88*h**2 + 7*h + 1. List the prime factors of f(a).
3, 113
Let m(q) = -22*q**3 + q**2 - 22*q - 9. Suppose 18*g = -75 + 3. What are the prime factors of m(g)?
3, 167
Suppose -3*b + o + 17989 = -11703, o - 39594 = -4*b. What are the prime factors of b?
2, 7, 101
Let r be (5 + -8)/((-3)/4). Let i be -119 + -1 - r - -1. What are the prime factors of (i/(-3))/(5/10)?
2, 41
Let q be 78/21 + -4 - (-38174)/(-14). Let h = q + 3949. What are the prime factors of h?
2, 13, 47
Let t be (-22444)/(-8) - (-1)/2. Let k = -1792 + t. What are the prime factors of (-21)/(-14)*k/9 + 3?
2, 43
List the prime factors of (0 - 356185/(-15)) + 24/72.
2, 31, 383
List the prime factors of (-14)/(-4) + 7 + 357182/28.
17, 751
Let r = -707 + 1395. Suppose -2*u + 986 = -r. What are the prime factors of u?
3, 31
Let m(n) = -12*n - 165. Let l be m(-14). Suppose -5*q = 5*x - 8370, 64*q - 59*q = l*x - 5006. What are the prime factors of x?
2, 11, 19
Let j be ((-6304)/20)/(-2) - (-4)/10. Suppose -56 = 2*h + j. Let l = 142 + h. List the prime factors of l.
5, 7
List the prime factors of (-2741)/(12/90 - 8/24).
5, 2741
Suppose -4*l + 107 + 40 = q, -4*l = -4. Let a = 198 - q. Let f = a + -22. List the prime factors of f.
3, 11
Let a(d) = d**2 - d + 1. Let g be a(-4). Let p be (g - 1)*46/115. Let h(u) = 10*u - 5. List the prime factors of h(p).
3, 5
Let c(k) = -26*k**3 + 34*k**2 - k - 29. Let g(m) = -12*m**3 + 17*m**2 - m - 14. Let o(s) = 4*c(s) - 9*g(s). List the prime factors of o(7).
2, 73
Let t(r) = -r**3 + 9*r**2 + 10*r. Let w be -1*(-10)/(-5) + 12. Let u be t(w). What are the prime factors of -1 + 137 + -1 + u?
3, 5
Suppose 3*c = 2*m - 1067 - 436, 5*m - 514 = c. Let p = -212 - c. List the prime factors of p.
7, 41
Let b(g) = -g**2 - 10*g. Let v be b(-5). Let h = 132 - v. List the prime factors of h.
107
Let w = -33026 + 80747. What are the prime factors of w?
3, 15907
Suppose -s + 3*t - 12 = -0*t, 4*t = -s + 16. Suppose -425 = -3*x - 5*g, -4*x + s*x + 2*g + 610 = 0. Suppose -2*v + 4*v - x = 0. List the prime factors of v.
3, 5
Let u be (-168)/16*-3*4/18. Let m(g) = -3*g + 14. Let q be m(u). Let h(w) = w**2 + 5*w + 10. List the prime factors of h(q).
2, 3
Suppose 36*i + 46892 = 12800. Let u = 97 - i. What are the prime factors of u?
2, 3, 29
Let n = 1049 + 855. Let q be n/7*2/4. Let b = q - 95. List the prime factors of b.
41
Suppose 3*i - 6*i = -18285. What are the prime factors of i?
5, 23, 53
Let f = 75931 + -21384. What are the prime factors of f?
54547
What are the prime factors of (-1960)/10*217/(-28)?
7, 31
Suppose 73*y - 68*y = 85. Let d(q) = 5*q + 194. List the prime factors of d(y).
3, 31
What are the prime factors of (-1619686)/(-22) + 123/(-264) + 12/32?
2, 131, 281
Suppose 0 = -r + 3*u + 14, -r - 11*u = -16*u - 20. Suppose 0 = -r*g - b + 1484, 5*g = -0*g - 3*b + 1492. What are the prime factors of g?
2, 37
Let w(s) = -41*s + 217. What are the prime factors of w(-11)?
2, 167
Suppose -100*i = -50*i - 3000. Suppose -3*w + l = -560, 564 = 6*w - 3*w - 3*l. Let m = i + w. What are the prime factors of m?
2, 3, 41
Let s(g) = 524*g**2 - 61*g + 303. What are the prime factors of s(5)?
2, 3, 37, 59
Let j = 280 + -312. What are the prime factors of 16/j*((-1 - 568) + -3)?
2, 11, 13
Let c be 4/(-32) - (-17)/8. Suppose -30 - 288 = -c*v. List the prime factors of v.
3, 53
Let t(f) = -15 + 4 - 18 - 2*f. Let q(l) = 5*l + 88. Let x(h) = 3*q(h) + 8*t(h). List the prime factors of x(14).
2, 3
Suppose 2*f + o + 0*o = 236783, -f + 118414 = 5*o. List the prime factors of (12/22)/(-3) + f/341.
347
Suppose 3*f - 2*l + 3832 = 5*f, f - 1912 = -3*l. Suppose -f = -22*v + 15*v. List the prime factors of v.
2, 137
What are the prime factors of (6223/635)/((-1)/(-2745))?
3, 7, 61
Suppose 341 = 5*a - 3*s, -129 = -3*a - s + 70. Let l(r) = -r**2 + 25*r + 3. Let u be l(18). Let m = u - a. What are the prime factors of m?
2, 31
Let y be (-1 + 4/3)/((-14)/(-378)). Suppose 201 = y*n + 876. Let z = n - -283. What are the prime factors of z?
2, 13
Let a(z) = 2*z + 10. Let n be a(-4). Let p(l) = 0*l**2 - n*l**2 - 20*l + 10 - 3 + 4*l**2. What are the prime factors of p(11)?
29
Suppose 0 = 3*z - 3*b + 9, -6*z + 8*z + 16 = 4*b. Let i = 8 + -2. Suppose z*f + 2*f - j = 130, i = -3*j. What are the prime factors of f?
2
Suppose 10800 = 3*h - 3*w, -7*w = 5*h - 3*w - 18000. Suppose 170*l + h = 175*l. List the prime factors of l.
2, 3, 5
Let k = 1 - -1. Let n be (22/(-110))/(0 - -1)*-75. Suppose 5*r - 1 = -l, 5*r + 3 - n = -k*l. List the prime factors of l.
11
Suppose 1714*s = 1664*s + 46700. What are the prime factors of s?
2, 467
Suppose 13 = 3*g - 5*j + 42, 5*j + 35 = -5*g. Let p(d) be the third derivative of d**5/60 + d**4/12 + 5*d**3/6 - d**2 + 2275*d. List the prime factors of p(g).
53
Suppose -4*q + 2*w - 366 = 0, -3*q + 2*w = -0*q + 272. Suppose 129*m - 111*m + 2160 = 0. Let p = q - m. List the prime factors of p.
2, 13
Let i = 75039 + -52341. What are the prime factors of i?
2, 3, 13, 97
Let n(h) be the second derivative of -29*h**3/2 - 149*h**2/2 + 2*h + 8. List the prime factors of n(-8).
547
Let v(q) = -q**2 + 25*q + 36. Let c = -51 - -54. Suppose n = -n - c*k + 54, 2 = k. List the prime factors of v(n).
2, 3, 5
Let r = -685 + 690. Suppose -k - r*w = 44 - 366, -2*w = -k + 322. What are the prime factors of k?
2, 7, 23
Let k(t) = 50*t**2 - 197*t**2 + 37*t**2 + 4*t + 52*t**2 + t**3 + 47*t**2 + 26. Let m(a) = a**2 + 2*a - 4. Let v be m(3). What are the prime factors of k(v)?
2, 5, 7
Let o(c) = -c**3 + c**2 - c + 79. Let b(g) = -g**3 - 10*g**2 + 8*g - 33. Let a be b(-11). What are the prime factors of o(a)?
79
Let l be (3/9)/((-906)/909 - -1). Let m = l - 34. Let d = m + -6. What are the prime factors of d?
61
Let j(x) be the first derivative of x**3/3 + 7*x**2 - 94*x - 99. What are the prime factors of j(23)?
757
Suppose 0 = -7*b + 33 + 9. Suppose -b*f = -492 - 4452. Suppose 18*c = 22*c - f. What are the prime factors of c?
2, 103
Let b(s) = 187*s**2 - 16*s + 99. List the prime factors of b(6).
3, 5, 449
Let y = 113 + -67. Suppose 14 - y = -8*l. Suppose 5*m + 2*w - 498 = 279, l*w + 16 = 0. What are the prime factors of m?
157
What are the prime factors of (280 + -284)*(4/8 - 18106/4)?
2, 31, 73
Suppose 4*c = -4*z + 33804, -86*c + 2*z + 33834 = -82*c. What are the prime factors of c?
2, 7, 151
Suppose -3*i + 1213 = -6440. What are the prime factors of i?
2551
Let u(n) = n + 29. Let z(x) = 5*x - 52. Let f be z(12). Let y be u(f). Let d = y - 33. What are the prime factors of d?
2
Suppose 72496 = 1701*w - 1693*w. List the prime factors of w.
2, 23, 197
Let y(d) = 14*d**2 - 4*d - 641. List the prime factors of y(24).
17, 431
Let g = -483 + 1749. Suppose -2*y + g = -1032. What are the prime factors of y?
3, 383
Let k(z) be the second derivative of -5*z**3/3 - 3*z**2/2 - 5*z. Let l be k(-1). List the prime factors of ((-14)/3)/(l/(-126)).
2, 3, 7
Let y = 24997 - 13601. What are the prime factors of y?
2, 7, 11, 37
Suppose -72*g + 73926 = -54*g. List the prime factors of g.
3, 37
Let u be (-1 - (-7)/14)*0. Suppose 2*c - 3*x = 567, c - 301 = -u*c + 5*x. What are the prime factors of c?
2, 3, 23
